pose -2 - 635 = -y*f. Calculate the greatest common divisor of 169 and f.
13
Let k be (14/21)/((-2)/(-6)). Suppose 4*t = -2*z + k, -4*t + 24 = -4*z + 4. Suppose -t*s + 38 = 4. Calculate the highest common divisor of s and 17.
17
Suppose 5*d + 39927 = 40607. What is the greatest common divisor of d and 5508?
68
Let n = 1377 - 574. Calculate the greatest common factor of 44 and n.
11
Let o(q) = 6*q - 1. Let r be o(7). Suppose -4*g + 140*y + 182 = 143*y, 2*g + 5*y - 112 = 0. What is the greatest common divisor of g and r?
41
Suppose -8*d - 11*d + 2760 = -7*d. What is the greatest common divisor of d and 851?
23
Let r(z) = -36*z - 93 - 27*z + 26*z. Let v be r(-6). What is the greatest common divisor of 172 and v?
43
Suppose -22*y - 18 = -28*y. Suppose 3*d - 135 = 3*s, y*s - 4*s = 4*d - 155. What is the greatest common factor of d and 15?
5
Let i(z) = 58*z + 15 - z**3 + 41*z**2 + 31*z**2 - 93*z**2 + 11*z. Let a be i(-24). What is the highest common divisor of 58 and a?
29
Let z(w) = 62*w**2 - 13*w + 25. Let o be z(2). What is the highest common divisor of o and 169?
13
Suppose 3*y = 5*y - 294. Let i(x) = x**2 + 10*x + 30. Let r be i(-15). Suppose 5*o - r = -0*o. Calculate the greatest common factor of y and o.
21
Let s = -31 - -33. Let x be (s/(-6))/(55/(-18) + 3). Suppose x*l + 13 = 7*l. Calculate the highest common factor of 26 and l.
13
Let u be (42/10)/(1/10). Let v be (6/(-4))/((u/(-36))/7). Suppose -3*c - v = -39. Calculate the highest common divisor of 100 and c.
10
Suppose 13*b - 704 = 10*b + 2*o, 4*o - 1166 = -5*b. Suppose 2*w + 36 = d, -14 - 2 = -d - 2*w. Calculate the highest common divisor of d and b.
26
Let u = -35 - -41. Suppose 11*y + 40 = u*y. Let z be y*(-1)/(4 - 3). What is the greatest common divisor of z and 2?
2
Let h(j) = -7*j**3 + j**2 + j. Let k be h(-1). Let p(a) = 24*a + 4. Let w be p(-3). Let m = 96 + w. What is the greatest common factor of k and m?
7
Suppose -3*p + 7*p - 112 = 0. Let u(a) = 54*a - 20. Let o = -32 - -36. Let q be u(o). What is the greatest common factor of p and q?
28
Suppose -51*h = -7*h - 176. Suppose -3*q + 762 = 3*v, 6*q + h*v - 1271 = q. What is the greatest common divisor of 17 and q?
17
Let f(l) = l**2 - 14*l + 31. Let o be f(11). Let j be (o - 0)/(14/(-154)). What is the greatest common divisor of 220 and j?
22
Let d(a) = a**3 + 8*a**2 + 11*a + 2. Let g be d(-6). Calculate the greatest common divisor of g and 8.
8
Let a = 14 - 5. Suppose 12*f + 3185 = -1207. Let w = f - -438. What is the greatest common divisor of w and a?
9
Let q be 480*1*6*42/126. Calculate the highest common divisor of q and 300.
60
Let y be 375/30*((-28)/5)/(-2). Suppose -5*w + y = 2*a, -a + 4 = -w + 11. Calculate the highest common factor of 273 and w.
7
Suppose -6*t + 1095 = -5*g, 2*g + 3 + 3 = 0. What is the highest common divisor of 420 and t?
60
Let n(v) = -22*v - 39 + 44 - 16. Let g = 5 + -19. Let u be n(g). Calculate the greatest common factor of 27 and u.
27
Let x = 242 + -237. Suppose 170 = x*g + 120. What is the highest common divisor of 95 and g?
5
Let b(d) = 34*d**2 + 24*d - 280. Let k be b(-12). What is the highest common divisor of k and 8?
8
Let d(f) = f**3 + 25*f**2 + 21*f - 46. Let j be d(-24). Suppose -w + 1014 = 3*b, 3*b + 4*w - w = 1014. What is the highest common divisor of j and b?
26
Suppose -10*q = 33*q - 1128 - 807. Calculate the greatest common divisor of q and 2880.
45
Let k(i) = -84*i + 3070. Let c be k(35). Calculate the greatest common divisor of c and 25870.
130
Suppose -2*j - 12 = -0*y + 4*y, 2*y + 5*j = -22. Let t be 3*(5 + y + -3). Suppose 3*m - 36 = -t*m. Calculate the greatest common factor of 42 and m.
6
Let o(a) = -39*a**3 - 8*a**2 + 15*a - 4. Let g be o(2). Let c = g - -320. Calculate the highest common factor of 7 and c.
1
Let l(b) = 3*b**3 - 64*b**2 + 32*b - 31. Let i be l(21). What is the greatest common factor of i and 1850?
50
Let s(t) be the second derivative of t**5/20 - 41*t**4/12 + 2*t**3/3 - 5*t**2 + 160*t. Let r be s(41). What is the greatest common factor of 14 and r?
14
Let j(g) = g**2 - 5. Suppose -37 = -5*z + v + 2, -5 = -5*v. Suppose 50 = -6*k + z. Let i be j(k). What is the highest common divisor of i and 4?
4
Suppose -2*f = -2*o, -f + 2*o - 20 = -4*f. Suppose -f*p - 1380 = q - 5248, 4*p - 3876 = q. Calculate the highest common divisor of 22 and p.
22
Let y(i) = 20*i**2 - 79*i - 249. Let p be y(33). Calculate the greatest common divisor of p and 12.
12
Let f(k) = k**2 + 7*k - 6. Let t be f(-9). Let n(w) = -66*w + 2484. Let q be n(37). Calculate the highest common divisor of t and q.
6
Let r = -5043 + 6996. Calculate the highest common divisor of r and 189.
63
Let h be -5 - (24 - 5)*13. Let c be (0 + 15/6)*h/(-6). Calculate the greatest common factor of c and 42.
21
Suppose 6*t - 5*t - 2 = 0. Let j = 4 - t. Let k be (-1 - j) + 1 + 173*1. Calculate the greatest common factor of k and 19.
19
Let t = 7190 - 7045. Calculate the highest common factor of t and 3248.
29
Suppose 0 = -12*u - 4*a + 26340, -4*a + 2*a = 3*u - 6582. Calculate the highest common divisor of 36 and u.
36
Let n be (18/8)/((-3)/12) + -3. Let t be 278 + (-4 - n)/(-4). Let l = t + -150. What is the highest common factor of 14 and l?
14
Let l be (64/(-6))/((-1)/3). Let j = -772 + 1459. Let h = j - 623. What is the highest common divisor of h and l?
32
Let u(n) be the second derivative of 5*n**3/6 + 10*n**2 + 50*n. Let q be u(3). What is the highest common factor of q and 315?
35
Let k be (7/35)/(7/105). Let q = 0 - 3. Let l be k + q - 3/((-12)/52). What is the greatest common divisor of 78 and l?
13
Let t be 14/(-210) - 2162/(-30). What is the greatest common factor of t and 1908?
36
Let d(j) = 80*j**2 + 25*j - 30. Let x be d(3). Calculate the highest common factor of 45 and x.
45
Let w = 143 - 248. Let z be 2/7 - 14352/(-91). Let m = w + z. What is the greatest common factor of m and 159?
53
Let d = 135 + -227. Let a = d - -110. Let j be 7330/a + (-2)/9. Calculate the highest common factor of j and 37.
37
Suppose 253 = 5*z + 203. Suppose 0 = -z*y + 3*y + 49. What is the highest common divisor of 49 and y?
7
Let w(i) be the first derivative of -i**4/4 + 10*i**3/3 - 8*i**2 - 5*i + 94. Let s be w(7). Calculate the highest common factor of 570 and s.
30
Let d = -2889 - -2906. Let t(p) = -2 + p**3 - p + 2 + p**2 + 2*p**2. Let h be t(3). What is the greatest common factor of d and h?
17
Let l = -32011 - -32034. Calculate the highest common factor of l and 15295.
23
Let l be 2 + 6*30 - 2. Let s = 7038 - 7033. Suppose l = -s*t + 11*t. What is the highest common factor of 50 and t?
10
Suppose 0 = -2*b + 21030 - 20832. Calculate the highest common factor of b and 22374.
99
Suppose -q + 29 = 3*l, -2*l + 5*q - 10 + 1 = 0. Suppose -3*p + 14 = i + 13, -l = -2*p + 3*i. Calculate the greatest common factor of 35 and p.
1
Let d(f) = -f**3 + 4*f**2 + 5*f + 5. Let t be d(5). Let y be -11 + 8 - 2/10*0. Let s = y + t. What is the greatest common factor of s and 16?
2
Let m = -400 - -410. Suppose 0 = -11*i + 7*i + 540. Calculate the greatest common divisor of i and m.
5
Let t = 14878 - 8119. What is the greatest common divisor of t and 9?
9
Suppose -429 = -88*a + 77*a. Calculate the greatest common divisor of 2470 and a.
13
Suppose -5*z + 70 = 3*c + 7*c, 4*z - 29 = c. Let a be (-1)/2 + 89/2. What is the highest common factor of z and a?
4
Suppose 0 = g - 2*g + 12. Let f be ((-684)/(-10))/(106/795). Let i be (-2)/((-24)/f) - 9/g. Calculate the greatest common factor of i and 12.
6
Let r(b) = -498*b - 20. Let z be r(-1). Let x = 510 - z. Calculate the greatest common divisor of 400 and x.
16
Let t(b) = 64 - 16 - 5*b**2 - 6*b + 4*b**2 + 0*b. Let v be t(-9). Calculate the greatest common divisor of v and 70.
7
Suppose 40 = 14*b - 9*b. Suppose b*t + 56 = -0*t. Let y be (4/10)/(t/(-3010)). Calculate the highest common factor of y and 43.
43
Suppose -f - 6*q + 3*q - 5 = 0, 0 = 4*f + 3*q + 65. Let t = 23 + f. Suppose -5*j + t*l - 7*l = -45, 2*l = 2*j. What is the greatest common divisor of j and 15?
5
Suppose -12*t + 480 = 2*n - 15*t, -1209 = -5*n + 3*t. What is the highest common factor of n and 918?
27
Let q = 162 + -180. Let c(h) = -h**3 - 19*h**2 - 29*h - 21. Let x be c(q). Calculate the greatest common factor of 118 and x.
59
L